{"id":53,"date":"2018-02-12T16:51:08","date_gmt":"2018-02-12T15:51:08","guid":{"rendered":"http:\/\/cestbeauca.nonrien.com\/?page_id=53"},"modified":"2018-05-26T00:06:52","modified_gmt":"2018-05-25T22:06:52","slug":"cest-bossa","status":"publish","type":"page","link":"https:\/\/www.cestbeauca.fr\/index.php\/cest-bossa\/","title":{"rendered":"C&rsquo;est bossa !"},"content":{"rendered":"<div class=\"gca-utility columns-container\"><div class=\"gca-column one-half first\"><p>J\u2019entends encore la voix de ma m\u00e8re me dire: \u00ab\u00a0<strong>Vincent arr\u00eate de taper partout avec tes mains !<\/strong>\u00a0\u00bb. C\u2019\u00e9tait plus fort que moi.<br \/>\nLe rythme dans la peau, dit-on. En tout cas, moi j\u2019aime battre la mesure avec mes pieds, mes mains et mes doigts.<\/p>\n<p style=\"text-align: left;\">La musique touche imm\u00e9diatement le c\u0153ur, elle est la v\u00e9ritable langue universelle, partout comprise. Certains grands philosophes sont all\u00e9s jusqu\u2019\u00e0 \u00e9crire que \u00ab\u00a0<i>Sans musique, la vie serait une erreur<\/i>\u00a0\u00bb Friedrich Nietzsche &#8211; Le Cr\u00e9puscule des idoles.<\/p><\/div>\n<div class=\"gca-column one-half\"><p>Du rythme, il y en a d\u00e9j\u00e0 partout autour de nous. Les battements de notre c\u0153ur, la cadence de nos pas, le tic-tac de la montre, la r\u00e9gularit\u00e9 ou l\u2019irr\u00e9gularit\u00e9 de nos mouvements. Le tout caract\u00e9risant le tempo. Ce tempo d\u00e9finit la vitesse d\u2019ex\u00e9cution de nos vies.<\/p>\n<p>Nous, Maeva et moi, avons d\u00e9cid\u00e9 d\u2019\u00eatre hors du temps pendant 1 an.<br \/>\nPrenons le temps de vivre musicalement certains moments pour accompagner des artistes et musiciens que l\u2019on croisera sur notre chemin.<\/p><\/div><\/div>\n<p style=\"text-align: right;\"><em>Vincent<\/em><\/p>\n<hr \/>\n<div class=\"blog-feed tdm-loadmore-container\"><\/div><input type=\"submit\" class=\"tdm-loadmore-button\" value=\"Load More\"><script>jQuery(document).ready(function(){loadmore(31);});<\/script><button onclick=\"backToTop()\" id=\"back-to-top\" title=\"Back to top\"><span class=\"glyphicon glyphicon-menu-up\"><\/span><\/button>\n","protected":false},"excerpt":{"rendered":"<p>Vincent<\/p>\n","protected":false},"author":2,"featured_media":270,"parent":0,"menu_order":0,"comment_status":"closed","ping_status":"closed","template":"","meta":{"footnotes":""},"class_list":["post-53","page","type-page","status-publish","has-post-thumbnail","hentry"],"post_mailing_queue_ids":[],"_links":{"self":[{"href":"https:\/\/www.cestbeauca.fr\/index.php\/wp-json\/wp\/v2\/pages\/53"}],"collection":[{"href":"https:\/\/www.cestbeauca.fr\/index.php\/wp-json\/wp\/v2\/pages"}],"about":[{"href":"https:\/\/www.cestbeauca.fr\/index.php\/wp-json\/wp\/v2\/types\/page"}],"author":[{"embeddable":true,"href":"https:\/\/www.cestbeauca.fr\/index.php\/wp-json\/wp\/v2\/users\/2"}],"replies":[{"embeddable":true,"href":"https:\/\/www.cestbeauca.fr\/index.php\/wp-json\/wp\/v2\/comments?post=53"}],"version-history":[{"count":23,"href":"https:\/\/www.cestbeauca.fr\/index.php\/wp-json\/wp\/v2\/pages\/53\/revisions"}],"predecessor-version":[{"id":669,"href":"https:\/\/www.cestbeauca.fr\/index.php\/wp-json\/wp\/v2\/pages\/53\/revisions\/669"}],"wp:featuredmedia":[{"embeddable":true,"href":"https:\/\/www.cestbeauca.fr\/index.php\/wp-json\/wp\/v2\/media\/270"}],"wp:attachment":[{"href":"https:\/\/www.cestbeauca.fr\/index.php\/wp-json\/wp\/v2\/media?parent=53"}],"curies":[{"name":"wp","href":"https:\/\/api.w.org\/{rel}","templated":true}]}}